 - 56*f**2 + 419*f + 193. Let m be h(47). Calculate the highest common factor of v and m.
1
Suppose -5 = h - 4*n + 5, -2*h = 3*n - 24. Suppose -h*z + 441 = -15*z. Let u = z - -58. Calculate the greatest common factor of u and 18.
9
Let s(d) = 2*d**3 - 2*d**2 + 2*d + 2. Let a be s(2). Let k = -355 + 579. Suppose -17*v + 13*v = -k. Calculate the greatest common factor of v and a.
14
Suppose f - 3*k + 6 = 0, -3*k + 3 = -9. Calculate the highest common factor of f and 753.
3
Let f = 11 - -139. Calculate the highest common factor of f and 2.
2
Suppose 195*k = 33*k + 278640. What is the highest common factor of 160 and k?
40
Suppose 0 = -4*c + 8*k - 4*k, c = -4*k + 25. Calculate the highest common divisor of c and 1070.
5
Suppose 2*r = a - 52 - 50, a + 4*r = 132. Suppose -17*b + 58 + a = 0. Calculate the greatest common factor of b and 35.
5
Let v be ((-150)/(-40))/((-1)/4). Let a = 19 + v. Let o be (2/(-4))/(a/(-88)). What is the greatest common factor of o and 11?
11
Suppose -4*m + 8 = 0, 0 = 4*p - 2*m - 147 + 119. What is the greatest common factor of p and 1528?
8
Let s = -39 + 81. Suppose -141*t + 36897 = 113*t - 3*t. Calculate the greatest common divisor of s and t.
21
Let s = 2315 + -2273. Calculate the highest common divisor of s and 46536.
42
Suppose 2*r - 4*r = -8*r + 336. Calculate the greatest common divisor of r and 30856.
56
Suppose -3*u = -0*s - s + 44, 0 = u - 4. Let y(k) = -7*k + 301. Let c be y(38). What is the greatest common factor of s and c?
7
Let v(g) = g + 8. Suppose 2*a = -c + 5*c - 230, 3*c + 3*a - 168 = 0. Let d = -49 + c. Let w be v(d). Calculate the highest common factor of 2 and w.
2
Let o = -4329 - -6489. What is the greatest common factor of o and 6?
6
Let b = -3957 + 4002. Calculate the highest common factor of b and 615.
15
Let h = 33 + -3. Suppose -559*o = n - 555*o - 670, 3*n - 3*o = 2085. Calculate the highest common divisor of n and h.
30
Let c(v) = -v**3 + v**2 + 21*v - 2. Let h be c(5). Let l be (4/(-3) - 0) + 439/h. Suppose -6*t + 174 = -3*t. What is the highest common divisor of t and l?
29
Let u = 170 + -791. Let o = 1071 + u. Calculate the greatest common divisor of o and 100.
50
Let a(b) = 46*b**2 + 15*b + 11. Let s be a(-3). Let p(f) = -f**2 + 6*f + 207. Let i be p(17). Calculate the greatest common factor of i and s.
20
Let s = 38370 + 12798. What is the greatest common factor of s and 208?
208
Let q be ((-11)/(-77) - (-36387)/(-7))*(-1)/2. Calculate the greatest common divisor of 552 and q.
23
Let f be 0 + 6690/19 + 766/(-7277). What is the highest common divisor of f and 187?
11
Suppose 8*m - 17*m = -63. Suppose m*n - 148 = 230. Calculate the highest common factor of n and 72.
18
Suppose 0 = -28*t + 27*t - 5*w + 4, 0 = 2*t - 2*w - 44. Suppose -4*i = 5*d - 160, 2*i - 55 = -d + t. What is the highest common divisor of i and 7?
7
Let l(y) = y - 1. Let z(u) = 6. Let c(j) = -4*l(j) - z(j). Let q be c(-1). Let x be 18/(-4)*(q + -3 + -3). Calculate the highest common factor of 4 and x.
2
Suppose -5*o = k - 114, 66 = 3*o + 5*k - 2*k. Suppose 24*b - o*b - 2 = 0. Calculate the greatest common divisor of 54 and b.
2
Suppose 2*f = 28 + 96. Let z(d) = -7*d - 31. Let w be z(-5). Let o be ((-1674)/81)/(w/(-18)). Calculate the highest common factor of f and o.
31
Let l = 17008 + -12837. What is the highest common divisor of l and 215?
43
Suppose -2*c + 8 = 2*c, 2*b - 3*c = -6. Suppose 69*i - 78*i + 288 = b. Calculate the greatest common divisor of 128 and i.
32
Suppose -9*u + 6*u = 6. Let g be (-6 - -7)/(u*1/(-138)). What is the highest common factor of g and 276?
69
Suppose 2*l + 38 = 6. Let v be 24/l*2/(-3). Let f be v/(-2) - 8/(-16)*11. Calculate the highest common divisor of f and 10.
5
Let k be ((-5)/(-50))/((-2)/(-10))*-694. Let h = k + 545. Calculate the greatest common factor of h and 264.
66
Suppose 0 = 5*k - 5*o - 745, 159 - 1475 = -9*k + 4*o. What is the highest common divisor of 15408 and k?
144
Let v(l) = -l**2 + 8*l - 2. Let u be v(6). Suppose -195*h = -197*h - 2*a + 176, 3*a = 24. What is the highest common divisor of h and u?
10
Let j = -22922 + 24000. What is the greatest common divisor of j and 264?
22
Suppose -s = -6*s + 105. Let u = 10643 - 10637. Calculate the greatest common divisor of s and u.
3
Suppose -2*t - 2*g + 2 = 0, -3*t + 8*t - 13 = -3*g. Suppose -2*k + 25 + 8 = -t*n, -4*k + n + 93 = 0. What is the greatest common divisor of k and 16?
8
Suppose -101 = -2*v - 3*n, -11*v + n - 162 = -14*v. What is the highest common divisor of 187 and v?
11
Let w(m) = 32*m**2 - 86*m + 4. Let u be w(3). What is the greatest common divisor of u and 15793?
17
Suppose -4*l - 63 = n, -4*l - 3*n + 23 = 76. Let r = -13 - l. Suppose 11 = r*d + 4*b - 33, b + 7 = 2*d. What is the greatest common factor of d and 48?
6
Let s = -52 + 47. Let l be ((-9)/s + -1)/((-18)/(-1575)). Let b be -2 + 3 - (6 - l). Calculate the greatest common factor of b and 5.
5
Let w be ((1 - -2) + -6)*61. Let v = 195 + w. What is the highest common divisor of 132 and v?
12
Let v(z) = -z**3 - 62*z**2 + 147*z - 31. Let c be v(-67). What is the greatest common divisor of 35 and c?
35
Suppose 3*p - 3607 = 4*b, -2*p + 5*b = 215 - 2629. Let i = p + -407. Let f be i/30 - 6/(-9). What is the highest common divisor of f and 270?
27
Let g(j) = j**3 - 26*j**2 + 165*j - 4. Let t be g(16). What is the highest common divisor of 931 and t?
19
Let k = 74 + -72. Let t be ((-49)/21)/(k/(-6)). Calculate the greatest common factor of t and 91.
7
Let d = 2225 + -1964. What is the greatest common divisor of d and 1740?
87
Suppose -5*c + 20 = -0*c. Let s be -6 - (-2)/(((-224)/208)/(-7)). Calculate the greatest common divisor of s and c.
1
Let o(r) = 15*r**3 - 3*r**2 + 9*r - 14. Let w be o(3). What is the greatest common factor of 85 and w?
17
Suppose -89*d + 953 + 584 = -5583. Calculate the greatest common divisor of 640 and d.
80
Let a(n) = -n - 6. Let h(y) = -5*y - 23. Let u(p) = -26*a(p) + 6*h(p). Let m be u(0). What is the greatest common factor of 306 and m?
18
Let u = -22 + 94. Suppose -4*v - 76 = 64. Let l be (v/(-20) + -1)*12. What is the greatest common divisor of l and u?
9
Let b be 945/18*-1*1*60/(-75). Calculate the greatest common factor of 6818 and b.
14
Let h = 840 - 319. Let u = -334 + h. Calculate the greatest common divisor of 34 and u.
17
Let c(v) = 2*v**3 + 117*v**2 + v - 146. Let j be c(-58). Calculate the highest common divisor of 80 and j.
40
Suppose -5*f + 1553 = 3*q - 4*f, 4*f - 2076 = -4*q. Suppose z - 2*b + 79 - 124 = 0, 5 = 5*b. What is the greatest common factor of q and z?
47
Let l be (-3)/(-3 - -2) + 55/(-11). Let i be (-2)/4 - 393/l. What is the greatest common divisor of 28 and i?
28
Suppose 0 = f - m + 75, 3*m = 5*f + 5*m + 396. Let v = f - -130. Let p = v - 44. Calculate the greatest common factor of 32 and p.
8
Suppose 3 = -24*h + 25*h + 2*n, -3*h = n - 14. Suppose 0 = h*u - 5*m + m - 295, u = -m + 68. Calculate the greatest common factor of 28 and u.
7
Suppose -5*l = 5*h - 70, -10*l + 8*l = -2*h - 36. Suppose -4*i + 149 = b, 5*i = 2*b - 5*b + 195. What is the greatest common factor of l and i?
4
Let h = 78 - 56. Let c be 3*h + 33/(-11). Calculate the greatest common factor of 9 and c.
9
Suppose 4*b = -2*s + 82, -2*s = -b - 38 - 34. Suppose -161081 - 3199 = -224*c - 331*c. What is the greatest common factor of s and c?
37
Suppose -17 - 16 = -3*l. Suppose 2*i - 670 = 3*x, -6*i = 1436*x - 1439*x - 2034. What is the highest common factor of i and l?
11
Let m = 4631 + -4615. Calculate the highest common divisor of 1112 and m.
8
Suppose 0 = 84*j - 85*j + 4, 0 = -5*p + 4*j + 264. What is the greatest common divisor of p and 2716?
28
Let v(c) = c**3 - 36*c**2 + 101*c + 77. Let h be v(33). What is the greatest common divisor of 494 and h?
13
Let b be (-2 - -5)/(3/50). Suppose 172*p - 47539 = 115861. What is the highest common divisor of b and p?
50
Let n(r) = -105*r + 5750. Let u be n(54). Let j(b) = 5*b - 5. Let f be j(5). Calculate the greatest common divisor of u and f.
20
Let z be (1074 - 1104) + (1 - -389). Let g = -105 + 150. Calculate the highest common divisor of g and z.
45
Suppose 44*j - 2546 = -566. What is the greatest common divisor of j and 2775?
15
Suppose -3*a = -4*v + 2*a + 1125, 4*v + 3*a - 1149 = 0. Suppose 3*p -